47. What is the units digit of g?
6
Suppose -21965 = -18*j - 5*j. What is the hundreds digit of j?
9
Suppose -2*b + 184 = 5*d - 93, 2*d - 5*b - 134 = 0. Let c = d + -1. What is the tens digit of c?
5
Let k be (-4)/5*(-5)/2. Let v be (-6)/(((-2)/3)/k). Let x = v + -14. What is the units digit of x?
4
Let u = -31 + 36. Suppose o = v - 10, -4*v - v = u*o. Suppose -t + 13 = 2*q, -v*q + 3 = t - 4. What is the tens digit of t?
1
Let o be (-5 - 1)*((-96)/18)/(-4). Let g(f) = -f**3 - 5*f**2 - 2*f - 6. What is the units digit of g(o)?
2
Let d = 3 - -41. Let n = 81 - d. Let h = n - 18. What is the tens digit of h?
1
Suppose -45*s + 32*s + 2197 = 0. Let d = s + -167. What is the units digit of d?
2
Let n(t) = t**2 + 11*t + 48 + 48 - 103. What is the units digit of n(-14)?
5
Let t = 143 - -321. What is the hundreds digit of t?
4
Suppose 3*k - 2013 = -5*w, 5*w - 3*w = 0. What is the hundreds digit of k?
6
Let i = 63 + -42. What is the units digit of ((-12)/i)/2 - 401/(-7)?
7
Suppose -4 = 5*d + 11. Let o be ((-30)/(-9))/(d/(-9)). What is the units digit of (o/(-10))/((-1)/52)?
2
Suppose 4*d - 744 = 316. What is the tens digit of d?
6
Suppose -208 = -3*l + x + 28, 0 = 5*x - 20. Suppose 0 = 5*r + l - 35. What is the tens digit of r + 55 + (-4)/1?
4
Let k = -212 + -357. Let i = -394 - k. What is the tens digit of i?
7
Let z(f) = -f**3 + 58*f**2 - 169*f + 18. What is the thousands digit of z(53)?
5
Suppose 6 + 2 = 4*i + 4*n, 5*n = -2*i + 10. Suppose -4*x = -3 - 13. Suppose -4*s = -x*l + 32, 4*l - s - 47 = -i*l. What is the tens digit of l?
1
Let q(i) = 7*i**3 + i**2 + 2*i + 14. What is the units digit of q(4)?
6
Suppose 2*q + 4*p = 173 + 485, -4*q = 2*p - 1334. Suppose -b - q = -4*b + s, 420 = 4*b + 4*s. What is the units digit of b?
0
Let y be ((-4)/((-32)/(-154)))/(6/24). Let k = y + 145. What is the tens digit of k?
6
Let j(s) = 7*s**3 + 14*s**2 - 21*s - 27. Let k(i) = -13*i**3 - 29*i**2 + 41*i + 53. Let v(a) = -11*j(a) - 6*k(a). What is the units digit of v(-20)?
9
Let w = -115 + 173. Let q = w + -32. What is the units digit of q?
6
Let g be (24/(-5))/(6/20). Let a = g + 5. Let b = a - -17. What is the units digit of b?
6
Suppose 2*s - 5*p - 495 = 0, s + 3*s - 1025 = 3*p. Let c = s + -135. What is the hundreds digit of c?
1
Let m be (-7 + 4 - -1)*-46. Let y = 14 - 8. What is the units digit of m/y + (-8)/6?
4
Suppose 17*y - 146 = 449. What is the units digit of y?
5
Let r = -14 + 19. Suppose -5*t - 3 + 129 = 4*o, -r*t = o - 24. What is the units digit of o?
4
Suppose -2*f = f - 24. What is the tens digit of ((-80)/6)/(f/(-48))?
8
Let i = 3600 + -2158. What is the hundreds digit of i?
4
Suppose -4*s - 9 = -0*w + w, 4*w + 5*s = -3. Let g(a) be the second derivative of a**5/20 - a**3/2 - 3*a**2/2 - 2*a. What is the units digit of g(w)?
5
Let n = 484 + 346. What is the tens digit of n?
3
Suppose 33*y + 3252 = 36*y + 3*u, -3*y + 2*u = -3277. What is the tens digit of y?
8
Let u = 19 + -17. Let p(k) = -19*k + 2*k**2 + 21*k + 7*k**u - 1. What is the units digit of p(-2)?
1
Let o = 2973 - 430. What is the hundreds digit of o?
5
Let b(v) = 7*v**2 - 36*v + 19. What is the tens digit of b(11)?
7
Let s = 73 + 142. What is the hundreds digit of s?
2
Let f = 310 - 216. Suppose -x + f = x. What is the tens digit of x?
4
Let f = -322 + 1014. What is the tens digit of f?
9
Suppose 5*u = 48*u - 214312. What is the units digit of u?
4
Let v be 826/5 + (-8)/40. Suppose 2*h + 2*h = -5*z + v, -5*z = 3*h - 130. What is the units digit of h?
5
Let c(i) = -5*i**3 - 2*i**2 + 1. Let n be c(-1). Let z = n - 2. Suppose q = -2*q - 3*u + 6, -z*u + 25 = 5*q. What is the units digit of q?
7
Let d(l) = -l + 19 - l + 25*l**2 - 18. Suppose 0*q + 2 = 2*q. What is the tens digit of d(q)?
2
Let k(m) = -m - 4. Let t be k(-10). What is the tens digit of (6/4)/(t/40)?
1
Suppose 8*c = 9*c - 301. Let r = -183 + c. What is the tens digit of r?
1
Let g = -979 - -1482. What is the tens digit of g?
0
What is the hundreds digit of (1 - 121)*(-741)/156?
5
Suppose 31*k + 2295 = 34*k. What is the tens digit of k?
6
Let w = -66 + 234. Suppose -7*p + p - w = 0. Let b = -21 - p. What is the units digit of b?
7
Let f(r) = -924*r + 16. What is the units digit of f(-1)?
0
What is the tens digit of 4112 - (-6 + 13 - 4)?
0
What is the units digit of 1*((-4)/14 + (-52824)/(-56))?
3
Let y(k) = k**3 - 6*k**2 - 5*k - 6. Let v be y(7). Let d be -24*(-2)/3 - 4. Suppose d*g = v*g + 36. What is the units digit of g?
9
Suppose 5 = -p, -4*p = -t - 3*p - 5. Suppose 0 = -4*i + 10 + 10. What is the units digit of (i/(t/(-48)))/1?
4
What is the tens digit of 3454/4 - (-69)/46?
6
Let p = 5396 + -1757. What is the thousands digit of p?
3
Suppose -5914 + 21610 = 8*n. What is the hundreds digit of n?
9
Let w be 2/5 - 180/(-50). Suppose w*s - 6 = 214. What is the tens digit of s?
5
Let l = 35 + 275. What is the tens digit of (-4)/6 + l/15?
2
Let u(b) = -20*b - 4. Let m be u(-3). Let r = m + -20. What is the tens digit of r?
3
Let x(p) = -7*p - 31. Let b(q) = 3*q + 15. Let u(o) = 9*b(o) + 4*x(o). Let w be u(7). Suppose -w*r + 285 = r. What is the units digit of r?
7
Suppose -2*b - 4*y - 124 = 0, 5*b + 5*y = 6*y - 343. Let u = 163 + b. What is the units digit of u?
5
Suppose 0 = 18*r - 17*r + 12. Let h(j) = -j**2 - 19*j - 10. What is the tens digit of h(r)?
7
Let y be (-94)/4 - (-3)/6. Suppose -82 - 14 = -3*j. Let a = y + j. What is the units digit of a?
9
Let a(b) = b**2 - b + 6. Let d be a(0). What is the units digit of (d/(-8))/(2/(-88))?
3
Suppose 3*c - 683 = 736. What is the hundreds digit of c?
4
Let c = 88 + -88. Suppose 3*v = -2*z + 181, 3*z - 274 = -2*v - c*v. What is the tens digit of z?
9
What is the units digit of 4498 - (8 + 6/12*-6)?
3
Suppose c = -4*o + 1198, -o + 0*o - 5*c + 309 = 0. What is the tens digit of 7/(21/(-2)) - o/(-3)?
9
Suppose 11*s - 6*s - c = 13, 3*s = -2*c + 13. Suppose -7*y = s*y - 810. What is the tens digit of y?
8
Suppose -18 = -6*z + 3*z. Let a be (4/z)/((-2)/(-87)). Let m = -11 + a. What is the tens digit of m?
1
Let w(r) = r**2 - 6*r + 19. Let b be w(13). Suppose 0 = -2*z - 2*x + b, z + 2*x + 190 = 4*z. What is the units digit of z?
0
Let k = -4251 + 8058. What is the thousands digit of k?
3
Let j be (3 + 1)*(-5 + 7). Suppose -4*b - j*b + 1356 = 0. What is the hundreds digit of b?
1
Let o(v) = -v + 1 - 11 + 20. Let y be o(8). Suppose y*c + 15 = 41. What is the units digit of c?
3
Suppose 12*k + 25*k = 171606. What is the units digit of k?
8
Let i(q) = -9 - 5*q - 6*q + 10*q - 3*q**3 + 0*q. What is the tens digit of i(-3)?
7
Let t(v) = 7*v + 1. Let s be t(13). Let h = -3 + -12. What is the units digit of 6/h + s/5?
8
Suppose -4*s + 6 = -3*l, l - 2*l - 4*s + 14 = 0. Suppose -2*n = 2*r - 3*n - 21, n - 19 = -l*r. Suppose 3*z - 5*z + r = 0. What is the units digit of z?
5
Let p(f) = f**3 + 7*f**2 + 7*f + 6. Let c be p(-9). Let v = -112 - c. Suppose 5*l - 4*i = v, 72 = l + 2*l - 5*i. What is the units digit of l?
9
What is the tens digit of ((-291)/(-2))/((33/(-18))/(-11))?
7
Suppose 4*o + 2*f = 824, -2*o + 388 = f - 6*f. Suppose 272 = 4*n + k, 2*k + o = n + 2*n. Suppose 0*y + n = 2*y. What is the units digit of y?
4
Let o(i) = 32*i**2 - i - 1. Suppose -4*g = -j - 1 - 25, 3*j - 3*g = -60. Let l be (4/(-12))/((-6)/j). What is the tens digit of o(l)?
3
Let z(u) = 9*u - 9 - 1 + 444*u**2 - 441*u**2. What is the units digit of z(-9)?
2
Let d(v) = v**3 + 10*v**2 + 11*v - 8. Let s be 10 + -9 - (-4 + 0). Suppose 2*g = s*g + 24. What is the tens digit of d(g)?
3
Suppose -7 + 12 = j - 3*v, 2*j - 10 = -5*v. Suppose -j*a - 155 = -10*a. What is the tens digit of a?
3
Let d be (156/9)/(1/(-174)). Let b = d + 1576. What is the tens digit of b/(-27) + (-2)/6?
5
Let m(t) = 413*t + 482. What is the tens digit of m(7)?
7
Let h(c) = 100*c**2 - 8*c + 11. What is the hundreds digit of h(2)?
3
Let b(k) = 7 - k + 11*k + 3*k**2 - 2*k**2 + 4. Suppose u = -4*o - 22, -2*o + o + 7 = -u. What is the units digit of b(u)?
1
Let g be (-10 + 9)*(3 - 0). Suppose 2*a + 2*n + 2 = -0, a = 3*n + 7. What is the tens digit of ((-200)/12)/(a/g)?
5
Suppose 0 = 2*o + 3*f - 43, 3*f + 17 = 2*o + 4. What is the units digit of 2794/18 - o/63?
5
Let t(w) = -163*w**3 + 4*w**2 - 2*w - 4. What is the units digit of t(-1)?
5
Suppose 5*q + 5*y = -0*q + 